{"id":496,"date":"2019-05-02T08:45:20","date_gmt":"2019-05-02T08:45:20","guid":{"rendered":"https:\/\/pointofkiosk.com\/pok\/?page_id=496"},"modified":"2022-05-02T09:44:44","modified_gmt":"2022-05-02T09:44:44","slug":"aviso-legal","status":"publish","type":"page","link":"https:\/\/pointofkiosk.com\/pok\/aviso-legal\/","title":{"rendered":"Legal Notice"},"content":{"rendered":"<h3 class=\"privacy-policy\">I. DATOS IDENTIFICATIVOS<\/h3>\n<p>De acuerdo con el <strong>art\u00edculo 10 de la Ley 34\/2002, de 11 de julio, de Servicios de la Sociedad de la Informaci\u00f3n y Comercio Electr\u00f3nico,<\/strong> ponemos en su conocimiento la siguiente informaci\u00f3n:<\/p>\n<p>1.- CHAPP GLOBAL, S.L.U, con CIF: B-76224112, con domicilio social en Parque Cient\u00edfico Tecnol\u00f3gico &#8211; Edificio Polivalente 3, P3, Oficinas 305-306, 35017 &#8211; Las Palmas de GC, Spain, bajo la denominaci\u00f3n comercial CHAPP SOLUTIONS (En adelante CHAPP SOLUTIONS). Es en la actualidad el encargado de la explotaci\u00f3n, gesti\u00f3n y funcionamiento del sitio web: www.pointofkiosk.com<\/p>\n<p>2.- Si quiere contactar con nosotros puedes hacerlo mediante el correo electr\u00f3nico de contacto: hello@chappsolutions.com<\/p>\n<h3>II. PROPIEDAD INTELECTUAL E INDUSTRIAL<\/h3>\n<p>1. En general, los contenidos, estructura, dise\u00f1o y forma de presentaci\u00f3n de los elementos (textos, gr\u00e1ficos, im\u00e1genes, ficheros, logotipos, combinaciones de colores y cualquier elemento susceptible de protecci\u00f3n) est\u00e1n protegidos por derechos de propiedad intelectual o industrial, titularidad de CHAPP SOLUTIONS, por s\u00ed o como cesionaria de estos derechos.<br \/>\n2. Est\u00e1n prohibidas la reproducci\u00f3n, la transformaci\u00f3n, distribuci\u00f3n, comunicaci\u00f3n p\u00fablica, puesta a disposici\u00f3n del p\u00fablico y, en general, cualquier otra forma de explotaci\u00f3n, parcial o total de los elementos referidos en el apartado anterior. Estos actos de explotaci\u00f3n s\u00f3lo podr\u00e1n ser realizados en virtud de autorizaci\u00f3n expresa y por escrito de CHAPP SOLUTIONS y que, en todo caso, deber\u00e1n hacer referencia expl\u00edcita a la titularidad de los citados derechos de propiedad intelectual de CHAPP SOLUTIONS.<\/p>\n<p>En este sentido, el Usuario est\u00e1 autorizado, \u00fanica y exclusivamente, para el uso privado y personal del contenido del sitio Web, siempre que se respeten los derechos de propiedad intelectual e industrial. En ning\u00fan caso, podr\u00e1 suprimir, alterar, eludir o manipular cualesquiera dispositivos de protecci\u00f3n o sistemas de seguridad que puedan estar instalados.<\/p>\n<p>3. En ning\u00fan caso se entender\u00e1 que el acceso y navegaci\u00f3n del Usuario implica una renuncia, transmisi\u00f3n, licencia o cesi\u00f3n total ni parcial de dichos derechos por parte de CHAPP SOLUTIONS o, en su caso, colaboradores.<\/p>\n<p>En consecuencia, no est\u00e1 permitido suprimir, eludir o manipular el aviso de derechos de autor (&#8220;copyright&#8221;) y cualesquiera otros datos de identificaci\u00f3n de los derechos de CHAPP SOLUTIONS o de sus titulares incorporados a los contenidos, as\u00ed como los dispositivos t\u00e9cnicos de protecci\u00f3n o cualesquiera mecanismos de informaci\u00f3n y\/o de identificaci\u00f3n que pudieren incluirse en los contenidos.<\/p>\n<p>4. Por otro lado, los signos distintivos (marcas, nombres comerciales) que aparecen en este sitio Web est\u00e1 protegido por derechos de propiedad industrial, quedando prohibida la utilizaci\u00f3n o manipulaci\u00f3n de cualquiera de \u00e9stos, salvo autorizaci\u00f3n expresa y por escrito de CHAPP SOLUTIONS, o de la persona f\u00edsica o jur\u00eddica titular de los signos distintivos expuestos.<\/p>\n<h3>III. EXONERACI\u00d3N DE RESPONSABILIDAD DE CHAPP SOLUTIONS<\/h3>\n<p>CHAPP SOLUTIONS no ser\u00e1 responsable, con car\u00e1cter general, respecto del uso inadecuado del sitio Web. Los Usuarios deber\u00e1n realizar un uso adecuado de la Web de acuerdo con las condiciones y t\u00e9rminos que aqu\u00ed se exponen, sin que ninguna responsabilidad pueda tener CHAPP SOLUTIONS por la utilizaci\u00f3n indebida.<\/p>\n<p>Respecto de posibles deficiencias t\u00e9cnicas.- CHAPP SOLUTIONS no ser\u00e1 responsable en ning\u00fan caso de las alteraciones en el servicio que se produzcan por fallos en la red el\u00e9ctrica, en la red de conexi\u00f3n de datos, en el servidor o en cualesquiera prestaciones.<\/p>\n<p>Respecto al acceso por terceros a su sistema.- CHAPP SOLUTIONS adoptar\u00e1 las cautelas t\u00e9cnicas necesarias a fin de proteger los datos e informaci\u00f3n a la que se accede, pero sin que sea responsable de actuaciones de terceros que, vulnerando las medidas de seguridad establecidas, accedan a los citados datos.<\/p>\n<p>Respecto a la exactitud de la Informaci\u00f3n.- Las informaciones contenidas en el sitio han sido elaboradas exclusivamente con car\u00e1cter informativo y no tienen valor oficial, salvo cuando as\u00ed se indique.<\/p>\n<p>Las informaciones y contenidos existentes pueden ser cambiados o retirados sin previo aviso.<\/p>\n<p>Igualmente se podr\u00e1n realizar mejoras o cambios en los productos, servicios, dise\u00f1o o programas utilizados para su funcionamiento en cualquier momento y sin previo aviso<\/p>\n<p><strong>Responsabilidad respecto de Hipertextos y Enlaces con otros Sitios o P\u00e1ginas.<\/strong><\/p>\n<p>El sitio contiene enlaces (links) a otras p\u00e1ginas de terceros, cuyos contenidos no puede controlar en todo momento. La conexi\u00f3n de un Usuario desde el sitio con estos otros lugares de la red ajenos a nuestra empresa se realizar\u00e1, por tanto, bajo la exclusiva responsabilidad del navegante.<\/p>\n<p>En consecuencia, el sitio no puede garantizar, en relaci\u00f3n a estas otras p\u00e1ginas, su calidad, exactitud o adecuaci\u00f3n. En modo alguno se puede considerar que dichas conexiones sean una prolongaci\u00f3n de nuestra p\u00e1gina, ni que compartamos los puntos de vista en ellas expresados o tengamos relaci\u00f3n alguna con los productos o servicios proporcionados o vendidos por las mismas.<\/p>\n<p>No obstante, si observase en ellas cualquier informaci\u00f3n que pudiese resultar contraria a las leyes, a la dignidad de las personas, o de car\u00e1cter racista, xen\u00f3fobo o de apolog\u00eda del terrorismo o la violencia, rogamos que nos lo comunique en la direcci\u00f3n de correo electr\u00f3nico: hello@chappsolutions.com, a fin de estudiar la conveniencia de eliminarlas.<\/p>\n","protected":false},"excerpt":{"rendered":"<p>I. DATOS IDENTIFICATIVOS De acuerdo con el art\u00edculo 10 de la Ley 34\/2002, de 11 de julio, de Servicios de la Sociedad de la Informaci\u00f3n y Comercio Electr\u00f3nico, ponemos en su conocimiento la siguiente informaci\u00f3n: 1.- CHAPP GLOBAL, S.L.U, con CIF: B-76224112, con domicilio social en Parque Cient\u00edfico Tecnol\u00f3gico &#8211; Edificio Polivalente 3, P3, Oficinas [&hellip;]<\/p>\n","protected":false},"author":1,"featured_media":0,"parent":0,"menu_order":0,"comment_status":"closed","ping_status":"closed","template":"","meta":{"spay_email":""},"yoast_head":"<!-- This site is optimized with the Yoast SEO plugin v14.8.1 - https:\/\/yoast.com\/wordpress\/plugins\/seo\/ -->\n<title>Legal Notice - Point of Kiosk<\/title>\n<meta name=\"robots\" content=\"index, follow\" \/>\n<meta name=\"googlebot\" content=\"index, follow, max-snippet:-1, max-image-preview:large, max-video-preview:-1\" \/>\n<meta name=\"bingbot\" content=\"index, follow, max-snippet:-1, max-image-preview:large, max-video-preview:-1\" \/>\n<link rel=\"canonical\" href=\"https:\/\/pointofkiosk.com\/pok\/aviso-legal\/\" \/>\n<meta property=\"og:locale\" content=\"en_GB\" \/>\n<meta property=\"og:type\" content=\"article\" \/>\n<meta property=\"og:title\" content=\"Legal Notice - Point of Kiosk\" \/>\n<meta property=\"og:description\" content=\"I. DATOS IDENTIFICATIVOS De acuerdo con el art\u00edculo 10 de la Ley 34\/2002, de 11 de julio, de Servicios de la Sociedad de la Informaci\u00f3n y Comercio Electr\u00f3nico, ponemos en su conocimiento la siguiente informaci\u00f3n: 1.- CHAPP GLOBAL, S.L.U, con CIF: B-76224112, con domicilio social en Parque Cient\u00edfico Tecnol\u00f3gico &#8211; Edificio Polivalente 3, P3, Oficinas [&hellip;]\" \/>\n<meta property=\"og:url\" content=\"https:\/\/pointofkiosk.com\/pok\/aviso-legal\/\" \/>\n<meta property=\"og:site_name\" content=\"Point of Kiosk\" \/>\n<meta property=\"article:modified_time\" content=\"2022-05-02T09:44:44+00:00\" \/>\n<meta name=\"twitter:card\" content=\"summary\" \/>\n<script type=\"application\/ld+json\" class=\"yoast-schema-graph\">{\"@context\":\"https:\/\/schema.org\",\"@graph\":[{\"@type\":\"WebSite\",\"@id\":\"https:\/\/pointofkiosk.com\/pok\/#website\",\"url\":\"https:\/\/pointofkiosk.com\/pok\/\",\"name\":\"Point of Kiosk\",\"description\":\"Self service new generation\",\"potentialAction\":[{\"@type\":\"SearchAction\",\"target\":\"https:\/\/pointofkiosk.com\/pok\/?s={search_term_string}\",\"query-input\":\"required name=search_term_string\"}],\"inLanguage\":\"en-GB\"},{\"@type\":\"WebPage\",\"@id\":\"https:\/\/pointofkiosk.com\/pok\/aviso-legal\/#webpage\",\"url\":\"https:\/\/pointofkiosk.com\/pok\/aviso-legal\/\",\"name\":\"Legal Notice - Point of Kiosk\",\"isPartOf\":{\"@id\":\"https:\/\/pointofkiosk.com\/pok\/#website\"},\"datePublished\":\"2019-05-02T08:45:20+00:00\",\"dateModified\":\"2022-05-02T09:44:44+00:00\",\"breadcrumb\":{\"@id\":\"https:\/\/pointofkiosk.com\/pok\/aviso-legal\/#breadcrumb\"},\"inLanguage\":\"en-GB\",\"potentialAction\":[{\"@type\":\"ReadAction\",\"target\":[\"https:\/\/pointofkiosk.com\/pok\/aviso-legal\/\"]}]},{\"@type\":\"BreadcrumbList\",\"@id\":\"https:\/\/pointofkiosk.com\/pok\/aviso-legal\/#breadcrumb\",\"itemListElement\":[{\"@type\":\"ListItem\",\"position\":1,\"item\":{\"@type\":\"WebPage\",\"@id\":\"https:\/\/pointofkiosk.com\/pok\/\",\"url\":\"https:\/\/pointofkiosk.com\/pok\/\",\"name\":\"Home\"}},{\"@type\":\"ListItem\",\"position\":2,\"item\":{\"@type\":\"WebPage\",\"@id\":\"https:\/\/pointofkiosk.com\/pok\/aviso-legal\/\",\"url\":\"https:\/\/pointofkiosk.com\/pok\/aviso-legal\/\",\"name\":\"Legal Notice\"}}]}]}<\/script>\n<!-- \/ Yoast SEO plugin. -->","jetpack-related-posts":[{"id":467,"url":"https:\/\/pointofkiosk.com\/pok\/privacy-policy\/","url_meta":{"origin":496,"position":0},"title":"Privacy Policy","date":"30 April, 2019","format":false,"excerpt":"PRIVACY POLICY on the processing of personal data Arts. 12 et seq of Regulation (EU) 2016\/679 (GDPR) FOREWORD In compliance with the provisions of EU Regulation 2016\/679 (hereafter GDPR) we hereby provide information regarding the processing of personal data provided by the data subject, relating to the relationships with the\u2026","rel":"","context":"Similar post","img":{"alt_text":"","src":"https:\/\/i1.wp.com\/pointofkiosk.com\/pok\/wp-content\/uploads\/2022\/05\/captura-de-pantalla-2022-02-22-a-las-13.30.21-1.png?resize=350%2C200&ssl=1","width":350,"height":200},"classes":[]},{"id":719,"url":"https:\/\/pointofkiosk.com\/pok\/demo\/","url_meta":{"origin":496,"position":1},"title":"Demo POK Hotel","date":"8 June, 2020","format":false,"excerpt":"","rel":"","context":"Similar post","img":{"alt_text":"","src":"","width":0,"height":0},"classes":[]},{"id":759,"url":"https:\/\/pointofkiosk.com\/pok\/solicita-informacion\/","url_meta":{"origin":496,"position":2},"title":"Agenda una Reuni\u00f3n","date":"9 June, 2020","format":false,"excerpt":"","rel":"","context":"Similar post","img":{"alt_text":"","src":"","width":0,"height":0},"classes":[]},{"id":8,"url":"https:\/\/pointofkiosk.com\/pok\/","url_meta":{"origin":496,"position":3},"title":"POK","date":"20 July, 2015","format":false,"excerpt":"","rel":"","context":"Similar post","img":{"alt_text":"","src":"","width":0,"height":0},"classes":[]}],"_links":{"self":[{"href":"https:\/\/pointofkiosk.com\/pok\/wp-json\/wp\/v2\/pages\/496"}],"collection":[{"href":"https:\/\/pointofkiosk.com\/pok\/wp-json\/wp\/v2\/pages"}],"about":[{"href":"https:\/\/pointofkiosk.com\/pok\/wp-json\/wp\/v2\/types\/page"}],"author":[{"embeddable":true,"href":"https:\/\/pointofkiosk.com\/pok\/wp-json\/wp\/v2\/users\/1"}],"replies":[{"embeddable":true,"href":"https:\/\/pointofkiosk.com\/pok\/wp-json\/wp\/v2\/comments?post=496"}],"version-history":[{"count":8,"href":"https:\/\/pointofkiosk.com\/pok\/wp-json\/wp\/v2\/pages\/496\/revisions"}],"predecessor-version":[{"id":982,"href":"https:\/\/pointofkiosk.com\/pok\/wp-json\/wp\/v2\/pages\/496\/revisions\/982"}],"wp:attachment":[{"href":"https:\/\/pointofkiosk.com\/pok\/wp-json\/wp\/v2\/media?parent=496"}],"curies":[{"name":"wp","href":"https:\/\/api.w.org\/{rel}","templated":true}]}}